{"id":158,"date":"2015-07-24T23:53:23","date_gmt":"2015-07-24T23:53:23","guid":{"rendered":"http:\/\/www.ouunpo.com\/?page_id=158"},"modified":"2015-08-26T08:12:49","modified_gmt":"2015-08-26T08:12:49","slug":"sao-paulo","status":"publish","type":"page","link":"https:\/\/www.eegsynth.org\/ouunpo\/sao-paulo","title":{"rendered":"S\u00e3o Paulo"},"content":{"rendered":"<p style=\"text-align: justify;\"><em><strong>We Are What We Lost<\/strong><\/em><\/p>\n<p style=\"text-align: justify;\"><em>November 7-16, 2014<\/em><\/p>\n<p class=\"p1\" style=\"text-align: justify;\"><em>We Are What We Lost<\/em> closed the research cycle &#8220;Catastrophe &amp; Heritage&#8221; (2012-14) where OuUnPo has investigated crisis, conflict and how these affect our perception of temporality and culture.<i>\u00a0<\/i>Over the span of ten days, the session\u00a0researched\u00a0the painful legacy of European colonialism and the eradication of Indigenous culture through artistic and theoretical interventions.\u00a0<em>We Are What We Lost<\/em> became a platform where &#8220;disappearance&#8221; has been explored as a metaphor and research question. With a continuous reference\u00a0to the disruptive history of \u00a0Brazil, the session looked at how loss influences our being in the present as well as our dialogue with the past. How do we take in voids and vestiges to generate sense and revisit memory? How do ruptures and new constellations affect our experience and understanding of time and temporality?<\/p>\n<p class=\"p1\" style=\"text-align: justify;\"><strong>Organizers<\/strong><\/p>\n<p style=\"text-align: justify;\">Sara Giannini with Per H\u00fcttner. Curatorial assistant Gabriela Vanzetta.<\/p>\n<p style=\"text-align: justify;\"><strong>Some highlights of the program<\/strong><\/p>\n<p style=\"text-align: justify;\">The session formed an immersive and itinerant palimpsest of events co-organized with a great number of local contributors, spaces and institutions. The group approached local collections in an interrogative manner but also worked with impromptu situations, urban explorations as well as other forms of interventions in informal contexts.\u00a0The rich program included lectures by renown Brazilian theorists\u00a0such as philosopher Peter P\u00e1l Pelbart and anthropologist Pedro Cesarino, performances in museums (Per H\u00fcttner at Pinacoteca of the State of S\u00e3o Paulo, Jacopo Miliani at Centro Cultural de S\u00e3o Paulo) and independent spaces (Elena Nemkova at Kunsthalle S\u00e3o Paulo, Claudia Squitieri and Pauline Curnier Jardin at Vila Itoror\u00f2, Mauricio Ianes at Casa do Povo) as well as video screenings proposed\u00a0by Video Brazil and lecture-performances by artists (Samon Takahashi at Casa do Povo, Clara Ianni at the Museum of Modern Art). Hosted by\u00a0the legendary Teatro Oficina, we had the possibility of\u00a0screening for the first time in Brazil unseen footage\u00a0documenting the struggle of Native Americans in the late seventies. Shot by independent\u00a0film-maker Andrea Tonacci the recordings describe an urgent moment in the history of indigenous activism in the Americas against imperial-colonial powers and institutions. Following their production, the videos were housed in Tonacci\u2019s private archive, unseen by the public. Artists Maria Thereza Alves and Jimmie Durham have together with art historian Richard Hill reactivated this archive through a live presentation and contextualization of a selection of Tonacci\u2019s materials during the Berlin Documentary Forum in 2014. The screening has been introduced and contextualized by contemporary Guarani activists Giselda Pires de Lima and Poty Poran\u00a0and has been documented by a\u00a0group of students from the Guarani community of the state of S\u00e3o Paulo.\u00a0The event marked one of the rare times that Guarani representatives are invited to speak about their cause in a major cultural institution in S\u00e3o Paulo.<\/p>\n<p style=\"text-align: justify;\">\n<p class=\"p1\" style=\"text-align: justify;\"><b>Participants and Contributors<\/b><\/p>\n<p class=\"p1\" style=\"text-align: justify;\">Maria Thereza Alves, M\u00e1rcio-Andr\u00e9, Marcio Aquiles, Marcus Bastos, Thelma Bonavita, Gabriel Borba, Rodrigo Bueno, Massimo Canevacci, Pedro Cesarino, Pauline Curnier Jardin, Ana Dupas, Jean-Louis Huhta, Per H\u00fcttner, Maur\u00edcio Ian\u00eas, Clara Ianni, Runo Lagomarsino, Jacopo Miliani, Sachi Miyachi, Fabio Morais, More Paper, El\u00e9na Nemkova, Leandro Nerefuh, Peter P\u00e1l Pelbart, Giselda Pires de Lima, Poty Poran, Laercio Redondo, Natasha Rosling, Emilia Rota, Vinicius Spricigo, Claudia Squitieri, Gustavo Sol, Samon Takahashi, Terreyro Coreogr\u00e1fico, Fatos \u00dcstek, Gabriela Vanzetta, Olav Westphalen, Stephen Whitmarsh, Carla Zaccagnini &amp; Students of SP Escola de Teatro.<\/p>\n<p class=\"p1\" style=\"text-align: justify;\"><b>Partners and venues<\/b><\/p>\n<p class=\"p2\" style=\"text-align: justify;\">Associa\u00e7\u00e3o Cultural Videobrasil, .Aurora, Casa do Povo, Centro Cultural S\u00e3o Paulo (CCSP), Goethe-Institut S\u00e3o Paulo, Kunsthalle S\u00e3o Paulo, Museu de Arte Moderna de S\u00e3o Paulo (MAM), Pinacoteca do Estado de S\u00e3o Paulo, SP Escola de Teatro.<\/p>\n<p style=\"text-align: justify;\"><strong>Supported<\/strong>\u00a0by Creed, \u00a0Link\u00f6pings universitet,\u00a0Goethe Institut, S\u00e3o Paulo; and the Embassy of Sweden in Brazil.<\/p>\n","protected":false},"excerpt":{"rendered":"<p>We Are What We Lost November 7-16, 2014 We Are What We Lost closed the research cycle &#8220;Catastrophe &amp; Heritage&#8221; (2012-14) where OuUnPo has investigated crisis, conflict and how these affect our perception of temporality and culture.\u00a0Over the span of ten days, the session\u00a0researched\u00a0the painful legacy of European colonialism and the eradication of Indigenous culture&#160;[&#8230;] <\/p>\n<p><a href=\"https:\/\/www.eegsynth.org\/ouunpo\/sao-paulo\" title=\"\" class=\"more-link\">Continue&#160;reading&#160;&#8230;<\/a><\/p>\n","protected":false},"author":3,"featured_media":0,"parent":0,"menu_order":0,"comment_status":"closed","ping_status":"closed","template":"","meta":{"_monsterinsights_skip_tracking":false,"_monsterinsights_sitenote_active":false,"_monsterinsights_sitenote_note":"","_monsterinsights_sitenote_category":0,"footnotes":""},"class_list":["post-158","page","type-page","status-publish","hentry"],"jetpack_sharing_enabled":true,"_links":{"self":[{"href":"https:\/\/www.eegsynth.org\/ouunpo\/wp-json\/wp\/v2\/pages\/158","targetHints":{"allow":["GET"]}}],"collection":[{"href":"https:\/\/www.eegsynth.org\/ouunpo\/wp-json\/wp\/v2\/pages"}],"about":[{"href":"https:\/\/www.eegsynth.org\/ouunpo\/wp-json\/wp\/v2\/types\/page"}],"author":[{"embeddable":true,"href":"https:\/\/www.eegsynth.org\/ouunpo\/wp-json\/wp\/v2\/users\/3"}],"replies":[{"embeddable":true,"href":"https:\/\/www.eegsynth.org\/ouunpo\/wp-json\/wp\/v2\/comments?post=158"}],"version-history":[{"count":13,"href":"https:\/\/www.eegsynth.org\/ouunpo\/wp-json\/wp\/v2\/pages\/158\/revisions"}],"predecessor-version":[{"id":305,"href":"https:\/\/www.eegsynth.org\/ouunpo\/wp-json\/wp\/v2\/pages\/158\/revisions\/305"}],"wp:attachment":[{"href":"https:\/\/www.eegsynth.org\/ouunpo\/wp-json\/wp\/v2\/media?parent=158"}],"curies":[{"name":"wp","href":"https:\/\/api.w.org\/{rel}","templated":true}]}}

São Paulo

<p style="text-align: justify;"><em><strong>We Are What We Lost</strong></em></p>
<p style="text-align: justify;"><em>November 7-16, 2014</em></p>
<p class="p1" style="text-align: justify;"><em>We Are What We Lost</em> closed the research cycle &#8220;Catastrophe &amp; Heritage&#8221; (2012-14) where OuUnPo has investigated crisis, conflict and how these affect our perception of temporality and culture.<i> </i>Over the span of ten days, the session researched the painful legacy of European colonialism and the eradication of Indigenous culture through artistic and theoretical interventions. <em>We Are What We Lost</em> became a platform where &#8220;disappearance&#8221; has been explored as a metaphor and research question. With a continuous reference to the disruptive history of  Brazil, the session looked at how loss influences our being in the present as well as our dialogue with the past. How do we take in voids and vestiges to generate sense and revisit memory? How do ruptures and new constellations affect our experience and understanding of time and temporality?</p>
<p class="p1" style="text-align: justify;"><strong>Organizers</strong></p>
<p style="text-align: justify;">Sara Giannini with Per Hüttner. Curatorial assistant Gabriela Vanzetta.</p>
<p style="text-align: justify;"><strong>Some highlights of the program</strong></p>
<p style="text-align: justify;">The session formed an immersive and itinerant palimpsest of events co-organized with a great number of local contributors, spaces and institutions. The group approached local collections in an interrogative manner but also worked with impromptu situations, urban explorations as well as other forms of interventions in informal contexts. The rich program included lectures by renown Brazilian theorists such as philosopher Peter Pál Pelbart and anthropologist Pedro Cesarino, performances in museums (Per Hüttner at Pinacoteca of the State of São Paulo, Jacopo Miliani at Centro Cultural de São Paulo) and independent spaces (Elena Nemkova at Kunsthalle São Paulo, Claudia Squitieri and Pauline Curnier Jardin at Vila Itororò, Mauricio Ianes at Casa do Povo) as well as video screenings proposed by Video Brazil and lecture-performances by artists (Samon Takahashi at Casa do Povo, Clara Ianni at the Museum of Modern Art). Hosted by the legendary Teatro Oficina, we had the possibility of screening for the first time in Brazil unseen footage documenting the struggle of Native Americans in the late seventies. Shot by independent film-maker Andrea Tonacci the recordings describe an urgent moment in the history of indigenous activism in the Americas against imperial-colonial powers and institutions. Following their production, the videos were housed in Tonacci’s private archive, unseen by the public. Artists Maria Thereza Alves and Jimmie Durham have together with art historian Richard Hill reactivated this archive through a live presentation and contextualization of a selection of Tonacci’s materials during the Berlin Documentary Forum in 2014. The screening has been introduced and contextualized by contemporary Guarani activists Giselda Pires de Lima and Poty Poran and has been documented by a group of students from the Guarani community of the state of São Paulo. The event marked one of the rare times that Guarani representatives are invited to speak about their cause in a major cultural institution in São Paulo.</p>
<p style="text-align: justify;">
<p class="p1" style="text-align: justify;"><b>Participants and Contributors</b></p>
<p class="p1" style="text-align: justify;">Maria Thereza Alves, Márcio-André, Marcio Aquiles, Marcus Bastos, Thelma Bonavita, Gabriel Borba, Rodrigo Bueno, Massimo Canevacci, Pedro Cesarino, Pauline Curnier Jardin, Ana Dupas, Jean-Louis Huhta, Per Hüttner, Maurício Ianês, Clara Ianni, Runo Lagomarsino, Jacopo Miliani, Sachi Miyachi, Fabio Morais, More Paper, Eléna Nemkova, Leandro Nerefuh, Peter Pál Pelbart, Giselda Pires de Lima, Poty Poran, Laercio Redondo, Natasha Rosling, Emilia Rota, Vinicius Spricigo, Claudia Squitieri, Gustavo Sol, Samon Takahashi, Terreyro Coreográfico, Fatos Üstek, Gabriela Vanzetta, Olav Westphalen, Stephen Whitmarsh, Carla Zaccagnini &amp; Students of SP Escola de Teatro.</p>
<p class="p1" style="text-align: justify;"><b>Partners and venues</b></p>
<p class="p2" style="text-align: justify;">Associação Cultural Videobrasil, .Aurora, Casa do Povo, Centro Cultural São Paulo (CCSP), Goethe-Institut São Paulo, Kunsthalle São Paulo, Museu de Arte Moderna de São Paulo (MAM), Pinacoteca do Estado de São Paulo, SP Escola de Teatro.</p>
<p style="text-align: justify;"><strong>Supported</strong> by Creed,  Linköpings universitet, Goethe Institut, São Paulo; and the Embassy of Sweden in Brazil.</p>
